{"id":1479,"date":"2021-11-17T15:03:07","date_gmt":"2021-11-17T18:03:07","guid":{"rendered":"https:\/\/isfd60-bue.infd.edu.ar\/sitio\/?page_id=1479"},"modified":"2024-02-07T20:09:40","modified_gmt":"2024-02-07T23:09:40","slug":"fechas-de-examenes-finales","status":"publish","type":"page","link":"https:\/\/isfd60-bue.infd.edu.ar\/sitio\/fechas-de-examenes-finales\/","title":{"rendered":"FECHAS DE EX\u00c1MENES FINALES"},"content":{"rendered":"\n<p><strong>Mesas de ex\u00e1menes<\/strong><\/p>\n\n\n\n<p>Link de inscripci\u00f3n<\/p>\n\n\n\n<p><a href=\"https:\/\/forms.gle\/kHz7wMCnvXwPCJbA9\" target=\"_blank\" rel=\"noreferrer noopener\">https:\/\/forms.gle\/kHz7wMCnvXwPCJbA9<\/a><\/p>\n\n\n\n<figure class=\"wp-block-embed\"><div class=\"wp-block-embed__wrapper\">\nhttps:\/\/forms.gle\/kHz7wMCnvXwPCJbA9\n<\/div><\/figure>\n\n\n\n<div class=\"wp-block-file\"><object class=\"wp-block-file__embed\" data=\"https:\/\/isfd60-bue.infd.edu.ar\/sitio\/wp-content\/uploads\/2024\/02\/Mesas-FEB-TECNIC-2024.pdf\" type=\"application\/pdf\" style=\"width:100%;height:600px\" aria-label=\"Incrustado de Mesas-FEB-TECNIC-2024.\"><\/object><a id=\"wp-block-file--media-a2ecf550-1077-4d7e-b1c1-9fa3558ffef5\" href=\"https:\/\/isfd60-bue.infd.edu.ar\/sitio\/wp-content\/uploads\/2024\/02\/Mesas-FEB-TECNIC-2024.pdf\">Mesas-FEB-TECNIC-2024<\/a><a href=\"https:\/\/isfd60-bue.infd.edu.ar\/sitio\/wp-content\/uploads\/2024\/02\/Mesas-FEB-TECNIC-2024.pdf\" class=\"wp-block-file__button wp-element-button\" download aria-describedby=\"wp-block-file--media-a2ecf550-1077-4d7e-b1c1-9fa3558ffef5\">Descarga<\/a><\/div>\n\n\n\n<div class=\"wp-block-file\"><object class=\"wp-block-file__embed\" data=\"https:\/\/isfd60-bue.infd.edu.ar\/sitio\/wp-content\/uploads\/2024\/02\/Mesas-FEB-Docentes-2024.pdf\" type=\"application\/pdf\" style=\"width:100%;height:600px\" aria-label=\"Incrustado de Mesas-FEB-Docentes-2024.\"><\/object><a id=\"wp-block-file--media-e2d07cee-63da-431b-897f-45e03e943e06\" href=\"https:\/\/isfd60-bue.infd.edu.ar\/sitio\/wp-content\/uploads\/2024\/02\/Mesas-FEB-Docentes-2024.pdf\">Mesas-FEB-Docentes-2024<\/a><a href=\"https:\/\/isfd60-bue.infd.edu.ar\/sitio\/wp-content\/uploads\/2024\/02\/Mesas-FEB-Docentes-2024.pdf\" class=\"wp-block-file__button wp-element-button\" download aria-describedby=\"wp-block-file--media-e2d07cee-63da-431b-897f-45e03e943e06\">Descarga<\/a><\/div>\n\n\n\n<p><strong><em><mark style=\"background-color:rgba(0, 0, 0, 0)\" class=\"has-inline-color has-vivid-cyan-blue-color\">CONSULTAS<\/mark><\/em><\/strong><\/p>\n\n\n\n<p>Horario de atenci\u00f3n: de 18 a 22:15 hs.<\/p>\n\n\n\n<p>Direcci\u00f3n: Urquiza 553<\/p>\n\n\n\n<p>Tel\u00e9fonos: 02358- 442131<br><br>E-mail de consultas: isfd60viamonte@abc.gob.ar<\/p>\n","protected":false},"excerpt":{"rendered":"<p>Mesas de ex\u00e1menes Link de inscripci\u00f3n https:\/\/forms.gle\/kHz7wMCnvXwPCJbA9 CONSULTAS Horario de atenci\u00f3n: de 18 a 22:15 hs. Direcci\u00f3n: Urquiza 553 Tel\u00e9fonos: 02358- 442131 E-mail de consultas: isfd60viamonte@abc.gob.ar<\/p>\n","protected":false},"author":89,"featured_media":0,"parent":0,"menu_order":0,"comment_status":"closed","ping_status":"closed","template":"","meta":[],"acf":[],"_links":{"self":[{"href":"https:\/\/isfd60-bue.infd.edu.ar\/sitio\/wp-json\/wp\/v2\/pages\/1479"}],"collection":[{"href":"https:\/\/isfd60-bue.infd.edu.ar\/sitio\/wp-json\/wp\/v2\/pages"}],"about":[{"href":"https:\/\/isfd60-bue.infd.edu.ar\/sitio\/wp-json\/wp\/v2\/types\/page"}],"author":[{"embeddable":true,"href":"https:\/\/isfd60-bue.infd.edu.ar\/sitio\/wp-json\/wp\/v2\/users\/89"}],"replies":[{"embeddable":true,"href":"https:\/\/isfd60-bue.infd.edu.ar\/sitio\/wp-json\/wp\/v2\/comments?post=1479"}],"version-history":[{"count":11,"href":"https:\/\/isfd60-bue.infd.edu.ar\/sitio\/wp-json\/wp\/v2\/pages\/1479\/revisions"}],"predecessor-version":[{"id":1946,"href":"https:\/\/isfd60-bue.infd.edu.ar\/sitio\/wp-json\/wp\/v2\/pages\/1479\/revisions\/1946"}],"wp:attachment":[{"href":"https:\/\/isfd60-bue.infd.edu.ar\/sitio\/wp-json\/wp\/v2\/media?parent=1479"}],"curies":[{"name":"wp","href":"https:\/\/api.w.org\/{rel}","templated":true}]}}