{"id":1982,"date":"2024-10-23T18:45:41","date_gmt":"2024-10-23T21:45:41","guid":{"rendered":"https:\/\/isfd60-bue.infd.edu.ar\/sitio\/?page_id=1982"},"modified":"2024-10-23T20:40:45","modified_gmt":"2024-10-23T23:40:45","slug":"especialozacion-profesional-en-enfermeria-en-neonatologia","status":"publish","type":"page","link":"https:\/\/isfd60-bue.infd.edu.ar\/sitio\/especialozacion-profesional-en-enfermeria-en-neonatologia\/","title":{"rendered":"Especialozaci\u00f3n profesional en Enfermer\u00eda en neonatolog\u00eda"},"content":{"rendered":"<div class=\"wp-block-image\">\n<figure class=\"aligncenter size-full is-resized\"><img decoding=\"async\" loading=\"lazy\" src=\"https:\/\/isfd60-bue.infd.edu.ar\/sitio\/wp-content\/uploads\/2024\/10\/descarga.jpg\" alt=\"\" class=\"wp-image-1983\" width=\"564\" height=\"282\"\/><\/figure><\/div>\n\n\n<p class=\"has-text-align-center\"><strong><em>DISE\u00d1O CURRICULAR<\/em><\/strong><\/p>\n\n\n\n<div class=\"wp-block-file\"><object class=\"wp-block-file__embed\" data=\"https:\/\/isfd60-bue.infd.edu.ar\/sitio\/wp-content\/uploads\/2024\/10\/856-16-Neonatologia.pdf\" type=\"application\/pdf\" style=\"width:100%;height:600px\" aria-label=\"Incrustado de 856-16-Neonatologia.\"><\/object><a id=\"wp-block-file--media-11a6defe-bf4e-45d1-84fa-a21c039395eb\" href=\"https:\/\/isfd60-bue.infd.edu.ar\/sitio\/wp-content\/uploads\/2024\/10\/856-16-Neonatologia.pdf\">856-16-Neonatologia<\/a><a href=\"https:\/\/isfd60-bue.infd.edu.ar\/sitio\/wp-content\/uploads\/2024\/10\/856-16-Neonatologia.pdf\" class=\"wp-block-file__button wp-element-button\" download aria-describedby=\"wp-block-file--media-11a6defe-bf4e-45d1-84fa-a21c039395eb\">Descarga<\/a><\/div>\n","protected":false},"excerpt":{"rendered":"<p>DISE\u00d1O CURRICULAR<\/p>\n","protected":false},"author":89,"featured_media":0,"parent":0,"menu_order":0,"comment_status":"closed","ping_status":"closed","template":"","meta":[],"acf":[],"_links":{"self":[{"href":"https:\/\/isfd60-bue.infd.edu.ar\/sitio\/wp-json\/wp\/v2\/pages\/1982"}],"collection":[{"href":"https:\/\/isfd60-bue.infd.edu.ar\/sitio\/wp-json\/wp\/v2\/pages"}],"about":[{"href":"https:\/\/isfd60-bue.infd.edu.ar\/sitio\/wp-json\/wp\/v2\/types\/page"}],"author":[{"embeddable":true,"href":"https:\/\/isfd60-bue.infd.edu.ar\/sitio\/wp-json\/wp\/v2\/users\/89"}],"replies":[{"embeddable":true,"href":"https:\/\/isfd60-bue.infd.edu.ar\/sitio\/wp-json\/wp\/v2\/comments?post=1982"}],"version-history":[{"count":2,"href":"https:\/\/isfd60-bue.infd.edu.ar\/sitio\/wp-json\/wp\/v2\/pages\/1982\/revisions"}],"predecessor-version":[{"id":1999,"href":"https:\/\/isfd60-bue.infd.edu.ar\/sitio\/wp-json\/wp\/v2\/pages\/1982\/revisions\/1999"}],"wp:attachment":[{"href":"https:\/\/isfd60-bue.infd.edu.ar\/sitio\/wp-json\/wp\/v2\/media?parent=1982"}],"curies":[{"name":"wp","href":"https:\/\/api.w.org\/{rel}","templated":true}]}}